ctors of 77679.
3, 7, 137
List the prime factors of 1380.
2, 3, 5, 23
List the prime factors of 42668.
2, 10667
What are the prime factors of 81?
3
What are the prime factors of 4083?
3, 1361
What are the prime factors of 1525?
5, 61
What are the prime factors of 1146?
2, 3, 191
List the prime factors of 29438.
2, 41, 359
List the prime factors of 22111.
22111
List the prime factors of 545.
5, 109
What are the prime factors of 597?
3, 199
What are the prime factors of 5370?
2, 3, 5, 179
What are the prime factors of 6967?
6967
What are the prime factors of 2042?
2, 1021
List the prime factors of 17551.
17551
What are the prime factors of 33468?
2, 3, 2789
List the prime factors of 15796.
2, 11, 359
List the prime factors of 18268.
2, 4567
List the prime factors of 1331.
11
List the prime factors of 95830.
2, 5, 7, 37
List the prime factors of 9538.
2, 19, 251
What are the prime factors of 68877?
3, 2551
What are the prime factors of 548?
2, 137
List the prime factors of 534.
2, 3, 89
List the prime factors of 848.
2, 53
List the prime factors of 123921.
3, 7, 281
List the prime factors of 8779.
8779
What are the prime factors of 20778?
2, 3, 3463
List the prime factors of 16436.
2, 7, 587
What are the prime factors of 66626?
2, 7, 4759
What are the prime factors of 4287?
3, 1429
List the prime factors of 32359.
32359
What are the prime factors of 15426?
2, 3, 857
What are the prime factors of 11872?
2, 7, 53
What are the prime factors of 67501?
7, 9643
List the prime factors of 67.
67
List the prime factors of 110492.
2, 23, 1201
List the prime factors of 20423.
13, 1571
What are the prime factors of 6745?
5, 19, 71
What are the prime factors of 8817?
3, 2939
What are the prime factors of 3840?
2, 3, 5
List the prime factors of 45818.
2, 31, 739
What are the prime factors of 24979?
24979
What are the prime factors of 38608?
2, 19, 127
What are the prime factors of 42854?
2, 7, 3061
What are the prime factors of 1576?
2, 197
What are the prime factors of 957?
3, 11, 29
List the prime factors of 15035.
5, 31, 97
What are the prime factors of 369?
3, 41
List the prime factors of 57580.
2, 5, 2879
List the prime factors of 86460.
2, 3, 5, 11, 131
List the prime factors of 1474.
2, 11, 67
What are the prime factors of 3321?
3, 41
What are the prime factors of 40591?
40591
What are the prime factors of 34813?
31, 1123
What are the prime factors of 5373?
3, 199
List the prime factors of 12876.
2, 3, 29, 37
What are the prime factors of 34567?
13, 2659
List the prime factors of 821.
821
List the prime factors of 2922.
2, 3, 487
List the prime factors of 51638.
2, 25819
List the prime factors of 273.
3, 7, 13
What are the prime factors of 26442?
2, 3, 13, 113
List the prime factors of 2966.
2, 1483
What are the prime factors of 7159?
7159
List the prime factors of 350.
2, 5, 7
List the prime factors of 12329.
12329
List the prime factors of 4496.
2, 281
List the prime factors of 35931.
3, 7, 29, 59
List the prime factors of 4889.
4889
What are the prime factors of 76045?
5, 67, 227
What are the prime factors of 1282?
2, 641
List the prime factors of 1760.
2, 5, 11
List the prime factors of 6365.
5, 19, 67
What are the prime factors of 57613?
17, 3389
What are the prime factors of 22960?
2, 5, 7, 41
List the prime factors of 11149.
11149
What are the prime factors of 5010?
2, 3, 5, 167
What are the prime factors of 79348?
2, 83, 239
What are the prime factors of 5775?
3, 5, 7, 11
List the prime factors of 33863.
33863
List the prime factors of 6231.
3, 31, 67
List the prime factors of 22178.
2, 13, 853
List the prime factors of 475.
5, 19
List the prime factors of 14343.
3, 7, 683
List the prime factors of 7926.
2, 3, 1321
What are the prime factors of 8648?
2, 23, 47
What are the prime factors of 8914?
2, 4457
What are the prime factors of 1193?
1193
What are the prime factors of 16216?
2, 2027
What are the prime factors of 7?
7
List the prime factors of 35332.
2, 11, 73
What are the prime factors of 31839?
3, 10613
List the prime factors of 1320.
2, 3, 5, 11
What are the prime factors of 52336?
2, 3271
List the prime factors of 1161.
3, 43
What are the prime factors of 64?
2
What are the prime factors of 14494?
2, 7247
List the prime factors of 2796.
2, 3, 233
What are the prime factors of 6286?
2, 7, 449
List the prime factors of 11218.
2, 71, 79
List the prime factors of 1339.
13, 103
What are the prime factors of 114654?
2, 3, 97, 197
List the prime factors of 21423.
3, 37, 193
What are the prime factors of 110131?
7, 15733
List the prime factors of 562.
2, 281
List the prime factors of 1305.
3, 5, 29
What are the prime factors of 2693?
2693
List the prime factors of 73552.
2, 4597
List the prime factors of 7018.
2, 11, 29
List the prime factors of 13243.
17, 19, 41
What are the prime factors of 210907?
210907
What are the prime factors of 9047?
83, 109
List the prime factors of 6201.
3, 13, 53
What are the prime factors of 7087?
19, 373
List the prime factors of 4420.
2, 5, 13, 17
What are the prime factors of 15459?
3, 5153
List the prime factors of 3279.
3, 1093
What are the prime factors of 45?
3, 5
List the prime factors of 32706.
2, 3, 23, 79
List the prime factors of 81106.
2, 107, 379
List the prime factors of 3968.
2, 31
What are the prime factors of 6102?
2, 3, 113
What are the prime factors of 16500?
2, 3, 5, 11
What are the prime factors of 1922?
2, 31
List the prime factors of 5110.
2, 5, 7, 73
List the prime factors of 2166.
2, 3, 19
List the prime factors of 18422.
2, 61, 151
What are the prime factors of 29?
29
What are the prime factors of 4241?
4241
List the prime factors of 22453.
22453
List the prime factors of 3527.
3527
List the prime factors of 24364.
2, 6091
What are the prime factors of 6925?
5, 277
List the prime factors of 56686.
2, 7, 4049
List the prime factors of 354.
2, 3, 59
What are the prime factors of 1538?
2, 769
List the prime factors of 68894.
2, 7, 19, 37
What are the prime factors of 7504?
2, 7, 67
List the prime factors of 6399.
3, 79
What are the prime factors of 35769?
3, 11923
What are the prime factors of 823?
823
What are the prime factors of 27862?
2, 13931
What are the prime factors of 9610?
2, 5, 31
List the prime factors of 79711.
79, 1009
What are the prime factors of 3010?
2, 5, 7, 43
List the prime factors of 4411.
11, 401
What are the prime factors of 16667?
7, 2381
List the prime factors of 4163.
23, 181
What are the prime factors of 6147?
3, 683
List the prime factors of 28526.
2, 17, 839
What are the prime factors of 3286?
2, 31, 53
List the prime factors of 2262.
2, 3, 13, 29
What are the prime factors of 3633?
3, 7, 173
What are the prime factors of 1912?
2, 239
What are the prime factors of 31273?
11, 2843
What are the prime factors of 23014?
2, 37, 311
List the prime factors of 45961.
19, 41, 59
What are the prime factors of 72903?
3, 19, 1279
What are the prime factors of 5053?
31, 163
List the prime factors of 2996.
2, 7, 107
List the prime factors of 904.
2, 113
List the prime factors of 23479.
53, 443
What are the prime factors of 19284?
2, 3, 1607
What are the prime factors of 14806?
2, 11, 673
What are the prime factors of 63990?
2, 3, 5, 79
What are the prime factors of 35224?
2, 7, 17, 37
List the prime factors of 124196.
2, 61, 509
What are the prime factors of 59249?
179, 331
What are the prime factors of 14539?
7, 31, 67
What are the prime factors of 1547?
7, 13, 17
What are the prime factors of 31850?
2, 5, 7, 13
List the prime factors of 15881.
15881
List the prime factors of 1510.
2, 5, 151
What are the prime factors of 2014?
2, 19, 53
What are the prime factors of 16900?
2, 5, 13
What are the prime factors of 592?
2, 37
List the prime factors of 23385.
3, 5, 1559
What are the prime factors of 5164?
2, 1291
What are the prime factors of 176929?
29, 6101
What are the prime factors of 14220?
2, 3, 5, 79
List the prime factors of 66762.
2, 3, 3709
What are the prime factors of 16488?
2, 3, 229
List the prime factors of 294.
2, 3, 7
What are the prime factors of 515?
5, 103
List the prime factors of 15563.
79, 197
List the prime factors of 127.
127
What are the prime factors of 5312?
2, 83
What are the prime factors of 1841?
7, 263
What are the prime factors of 6615?
3, 5, 